{"id":52,"date":"2020-04-19T07:43:07","date_gmt":"2020-04-19T07:43:07","guid":{"rendered":"http:\/\/dothidiaoc.net\/?page_id=52"},"modified":"2020-09-12T13:48:19","modified_gmt":"2020-09-12T13:48:19","slug":"lien-he","status":"publish","type":"page","link":"https:\/\/dothidiaoc.net\/index.php\/lien-he\/","title":{"rendered":"Li\u00ean H\u1ec7"},"content":{"rendered":"\n<p>M\u1ecdi th\u00f4ng tin vui l\u00f2ng li\u00ean h\u1ec7<\/p>\n\n\n\n<p><strong>B\u0110S NGUY\u1ec4N NGA<\/strong><\/p>\n\n\n\n<p>\u0110\u1ecba ch\u1ec9: 158 Ng\u00f4 Gia T\u1ef1 &#8211; Ch\u00e1nh Ngh\u0129a- Th\u1ee7 D\u1ea7u M\u1ed9t- B\u00ecnh D\u01b0\u01a1ng.<br>Hotline\/ Zalo\/ Viber: 0919 665 019<br>Email: 2016batdongsan@gmail.com<\/p>\n\n\n\n<p><\/p>\n","protected":false},"excerpt":{"rendered":"<p>M\u1ecdi th\u00f4ng tin vui l\u00f2ng li\u00ean h\u1ec7 B\u0110S NGUY\u1ec4N NGA \u0110\u1ecba ch\u1ec9: 158 Ng\u00f4 Gia T\u1ef1 &#8211; Ch\u00e1nh Ngh\u0129a- Th\u1ee7 D\u1ea7u M\u1ed9t- B\u00ecnh D\u01b0\u01a1ng.Hotline\/ Zalo\/ Viber: 0919 665 019Email: 2016batdongsan@gmail.com<\/p>\n","protected":false},"author":1,"featured_media":0,"parent":0,"menu_order":0,"comment_status":"closed","ping_status":"closed","template":"","meta":[],"yoast_head":"<!-- This site is optimized with the Yoast SEO plugin v16.2 - https:\/\/yoast.com\/wordpress\/plugins\/seo\/ -->\n<title>Li\u00ean H\u1ec7 -<\/title>\n<meta name=\"robots\" content=\"index, follow, max-snippet:-1, max-image-preview:large, max-video-preview:-1\" \/>\n<link rel=\"canonical\" href=\"https:\/\/dothidiaoc.net\/index.php\/lien-he\/\" \/>\n<meta property=\"og:locale\" content=\"vi_VN\" \/>\n<meta property=\"og:type\" content=\"article\" \/>\n<meta property=\"og:title\" content=\"Li\u00ean H\u1ec7 -\" \/>\n<meta property=\"og:description\" content=\"M\u1ecdi th\u00f4ng tin vui l\u00f2ng li\u00ean h\u1ec7 B\u0110S NGUY\u1ec4N NGA \u0110\u1ecba ch\u1ec9: 158 Ng\u00f4 Gia T\u1ef1 &#8211; Ch\u00e1nh Ngh\u0129a- Th\u1ee7 D\u1ea7u M\u1ed9t- B\u00ecnh D\u01b0\u01a1ng.Hotline\/ Zalo\/ Viber: 0919 665 019Email: 2016batdongsan@gmail.com\" \/>\n<meta property=\"og:url\" content=\"https:\/\/dothidiaoc.net\/index.php\/lien-he\/\" \/>\n<meta property=\"article:modified_time\" content=\"2020-09-12T13:48:19+00:00\" \/>\n<meta name=\"twitter:card\" content=\"summary_large_image\" \/>\n<script type=\"application\/ld+json\" class=\"yoast-schema-graph\">{\"@context\":\"https:\/\/schema.org\",\"@graph\":[{\"@type\":[\"Person\",\"Organization\"],\"@id\":\"https:\/\/dothidiaoc.net\/#\/schema\/person\/992f2c2a903111fdb243fe2ac8a5ec6d\",\"name\":\"administrator\",\"image\":{\"@type\":\"ImageObject\",\"@id\":\"https:\/\/dothidiaoc.net\/#personlogo\",\"inLanguage\":\"vi\",\"url\":\"https:\/\/secure.gravatar.com\/avatar\/cd2381d4af9144e7d466786c5861d412?s=96&r=g\",\"contentUrl\":\"https:\/\/secure.gravatar.com\/avatar\/cd2381d4af9144e7d466786c5861d412?s=96&r=g\",\"caption\":\"administrator\"},\"logo\":{\"@id\":\"https:\/\/dothidiaoc.net\/#personlogo\"},\"sameAs\":[\"http:\/\/dothidiaoc.net\"]},{\"@type\":\"WebSite\",\"@id\":\"https:\/\/dothidiaoc.net\/#website\",\"url\":\"https:\/\/dothidiaoc.net\/\",\"name\":\"\",\"description\":\"\",\"publisher\":{\"@id\":\"https:\/\/dothidiaoc.net\/#\/schema\/person\/992f2c2a903111fdb243fe2ac8a5ec6d\"},\"potentialAction\":[{\"@type\":\"SearchAction\",\"target\":\"https:\/\/dothidiaoc.net\/?s={search_term_string}\",\"query-input\":\"required name=search_term_string\"}],\"inLanguage\":\"vi\"},{\"@type\":\"WebPage\",\"@id\":\"https:\/\/dothidiaoc.net\/index.php\/lien-he\/#webpage\",\"url\":\"https:\/\/dothidiaoc.net\/index.php\/lien-he\/\",\"name\":\"Li\\u00ean H\\u1ec7 -\",\"isPartOf\":{\"@id\":\"https:\/\/dothidiaoc.net\/#website\"},\"datePublished\":\"2020-04-19T07:43:07+00:00\",\"dateModified\":\"2020-09-12T13:48:19+00:00\",\"breadcrumb\":{\"@id\":\"https:\/\/dothidiaoc.net\/index.php\/lien-he\/#breadcrumb\"},\"inLanguage\":\"vi\",\"potentialAction\":[{\"@type\":\"ReadAction\",\"target\":[\"https:\/\/dothidiaoc.net\/index.php\/lien-he\/\"]}]},{\"@type\":\"BreadcrumbList\",\"@id\":\"https:\/\/dothidiaoc.net\/index.php\/lien-he\/#breadcrumb\",\"itemListElement\":[{\"@type\":\"ListItem\",\"position\":1,\"item\":{\"@type\":\"WebPage\",\"@id\":\"https:\/\/dothidiaoc.net\/\",\"url\":\"https:\/\/dothidiaoc.net\/\",\"name\":\"Trang ch\\u1ee7\"}},{\"@type\":\"ListItem\",\"position\":2,\"item\":{\"@id\":\"https:\/\/dothidiaoc.net\/index.php\/lien-he\/#webpage\"}}]}]}<\/script>\n<!-- \/ Yoast SEO plugin. -->","_links":{"self":[{"href":"https:\/\/dothidiaoc.net\/index.php\/wp-json\/wp\/v2\/pages\/52"}],"collection":[{"href":"https:\/\/dothidiaoc.net\/index.php\/wp-json\/wp\/v2\/pages"}],"about":[{"href":"https:\/\/dothidiaoc.net\/index.php\/wp-json\/wp\/v2\/types\/page"}],"author":[{"embeddable":true,"href":"https:\/\/dothidiaoc.net\/index.php\/wp-json\/wp\/v2\/users\/1"}],"replies":[{"embeddable":true,"href":"https:\/\/dothidiaoc.net\/index.php\/wp-json\/wp\/v2\/comments?post=52"}],"version-history":[{"count":2,"href":"https:\/\/dothidiaoc.net\/index.php\/wp-json\/wp\/v2\/pages\/52\/revisions"}],"predecessor-version":[{"id":934,"href":"https:\/\/dothidiaoc.net\/index.php\/wp-json\/wp\/v2\/pages\/52\/revisions\/934"}],"wp:attachment":[{"href":"https:\/\/dothidiaoc.net\/index.php\/wp-json\/wp\/v2\/media?parent=52"}],"curies":[{"name":"wp","href":"https:\/\/api.w.org\/{rel}","templated":true}]}}